tors of m(1).
3
Let g = -27 - -30. List the prime factors of g/((-3)/(-28)) - 2.
2, 13
What are the prime factors of (2/(-4))/(14/(-8876))?
317
Let c be (1 - (1 - 2))/1. Suppose -3 = -5*z + c. List the prime factors of (5 + -4)/(z/7).
7
Let r = 18 - 30. List the prime factors of (-9)/(-6)*r/(-9).
2
Suppose -2*l = -6 - 4. Suppose -5*i = 5*y + 30, -2*y - l*i = 18 + 6. Let d = 9 + y. List the prime factors of d.
7
Suppose -11 = -3*c + 37. What are the prime factors of (c/(-20))/((-2)/35)?
2, 7
Let q be (0/(-7))/(-2 + -1). Suppose 3*g + 4*o - 9 = q, -5*g + 6 = o - 9. What are the prime factors of g?
3
Let s = -81 - -110. What are the prime factors of s?
29
Suppose 3*k = 5*p - 573 - 216, -5*k = 5*p - 805. List the prime factors of p.
3, 53
Suppose 3*u - 116 = -2*y + 4*y, u = -y + 37. List the prime factors of u.
2, 19
Suppose 5*h - 17 + 2 = 0. Let c(u) = -u - 3. Let t be c(-8). What are the prime factors of (3 + (-3)/h)*t?
2, 5
Suppose 8*p = 221 + 251. List the prime factors of p.
59
Let v be -1 + (6/2 - 2). Let m be 8 + v + (2 - 0). Suppose 0 = 4*b - x - 54, 7*x = 2*x - m. List the prime factors of b.
13
Suppose 5*s - 12 = 4*s. Let p = s + -6. List the prime factors of p.
2, 3
Let k(v) = -17*v + 1. Let s be k(2). Let q = s - -23. List the prime factors of (q*(-1 + 2))/(-1).
2, 5
Suppose 2*g + 0*g = 0. Suppose -2*c + 5*l + 13 = g, 4*l = 7*c - 2*c - 24. What are the prime factors of c?
2
Suppose 0 = -3*i + m + 7, -3*i = m + 3*m - 32. Let a(f) = -f + 3. Let q(p) = -2*p + 7. Let t(w) = -5*a(w) + 2*q(w). What are the prime factors of t(i)?
3
Let z be 1/2 - 565/(-10). Let m = -36 + z. What are the prime factors of m?
3, 7
Suppose 0*q = 2*q - 14. Let i(c) be the first derivative of c**2 - 2*c - 1. What are the prime factors of i(q)?
2, 3
Suppose 2*j = 3*k + 17, -j + 3*j = -k + 13. Suppose -3*z + j*z = 224. List the prime factors of z.
2, 7
Suppose -3*g = -12 + 3. Suppose 0 = 4*u - 2*r + 22, 5*r - 3 = -g*u - 0. Let o = u + 7. List the prime factors of o.
3
Suppose 0 = -3*j + 3*p + 148 - 46, -5*j = 3*p - 138. Let f = -22 + j. What are the prime factors of f?
2
Let c = 0 - -11. List the prime factors of c.
11
Suppose 0 = 3*m - 5*v - 5 - 97, -2*v + 162 = 4*m. List the prime factors of m.
3, 13
Let i = 17 + 14. List the prime factors of i.
31
Suppose -5*u = -6 + 146. What are the prime factors of 42/u*(-76)/6?
19
Let u(j) = -2*j + j - 3*j**2 - 5*j**3 + 7*j**3 - 3 - 3*j**3. What are the prime factors of u(-4)?
17
List the prime factors of (-175)/(-10)*(-96)/(-15).
2, 7
Suppose -10*j + 8*j + 8 = 0. Suppose 3*d = -2*x - 2*d + 17, -j*d = -2*x + 62. What are the prime factors of x?
3, 7
Suppose 0 = -2*p - 1 + 7. Suppose 3*t - 27 = -u - u, -p*u + 9 = 0. List the prime factors of (-2)/(-7) - (-61)/t.
3
Suppose -5*f + 102 = 42. What are the prime factors of f?
2, 3
What are the prime factors of (-4)/(-8) + (-18)/(-4)?
5
Let c = 5 - 2. Let x be 2*(c + (-22)/4). Let l = x + 11. What are the prime factors of l?
2, 3
Let r be 0/(-1)*(-3 - -2). Suppose -2*p - 18 = -c + p, 4*c + 4*p + 8 = r. Suppose c*j = -9, 0*j = -o - 4*j. What are the prime factors of o?
2, 3
Suppose -2*b + 4 + 8 = 0. What are the prime factors of b?
2, 3
List the prime factors of 249 - 7/((-35)/(-20)).
5, 7
Let p(j) = -j**3 + 7*j**2 + 4*j - 4. Let o be p(7). List the prime factors of (0 - 3)/(o/(-16)).
2
Suppose 3*t + 2*f = 99, f - 54 = -4*t + 78. Let l be 5/15 + t/9. Suppose l*q - 59 = -3. List the prime factors of q.
2, 7
Suppose 1 + 2 = -h. Let m be (-1*3)/h + 8. Let s = m - 3. List the prime factors of s.
2, 3
Let w(i) = i**3 + 2*i**2 - 23*i - 9. List the prime factors of w(-5).
31
Let s be (-3 + 2/1)*0. Suppose -3*l + 13 + 2 = s. List the prime factors of (-1)/5 - (-16)/l.
3
Suppose 3*d = -j - 1, 5*j + 37 = d - 0*d. What are the prime factors of (j + 4)/((-3)/8)?
2
Let d = 10 + 19. Suppose 11 + d = o. What are the prime factors of o?
2, 5
Suppose 0 = -0*i + 5*i - 175. List the prime factors of i.
5, 7
Let f(l) = -3*l + 7 + l**2 + 0*l - 4*l. What are the prime factors of f(7)?
7
Let u = -79 + 165. List the prime factors of u.
2, 43
Let d = -7 + 8. What are the prime factors of 8/(4 + -2) + d?
5
Let r be 10 + -8 - (3 - 1). Suppose r = 2*g + 2 - 12. Suppose g*v = -3*u + 47, 3*v + 5*u = 9*u + 5. List the prime factors of v.
7
Suppose 2*y = -3*l + 183, -5*y - 2*l + 262 = -2*y. List the prime factors of y.
2, 3, 7
Let f be (-69)/(-3)*(-2)/(-2). Suppose -59 = -4*k - f. Let y(a) = -a**2 + 10*a - 4. What are the prime factors of y(k)?
5
Let p = 18 + 2. Let c = -10 + p. List the prime factors of c.
2, 5
Let s(w) = 5*w**2 + 3*w + 2. Let l be s(-1). List the prime factors of (17/l)/((-4)/(-16)).
17
Suppose 5*y - a - 90 = -4*a, -4*y - 2*a = -74. What are the prime factors of y?
3, 7
Let j(t) = 3 + 2*t + 0*t + 3. Let f be j(-4). What are the prime factors of 3/(-6)*f - -2?
3
Let k be -9 + -2 - (-6)/2. Let h(c) = -4*c - 11. What are the prime factors of h(k)?
3, 7
Suppose -5*i = -46 - 154. List the prime factors of i.
2, 5
Suppose 0 = -6*b - b + 861. List the prime factors of b.
3, 41
Suppose 4*q - 32 = 3*z + 155, 4*z + 233 = 5*q. What are the prime factors of q?
7
Suppose 0 = y + y + 6. Let f(u) = -5*u + 2. List the prime factors of f(y).
17
Suppose 2 = -5*z + 277. What are the prime factors of z?
5, 11
Suppose -3*x + 22 = -b, 2*b + 0*b = -x - 2. List the prime factors of x.
2, 3
Suppose -26 = -3*q - 11. Let l(f) = 5*f - q*f + 2*f**2. What are the prime factors of l(1)?
2
Suppose 0*l - 4*l + 16 = 0. Suppose -b + 3 = -2*b, 0 = -2*z + l*b + 18. List the prime factors of 1 + z/3 - -1.
3
Let x be ((-11)/2)/((-6)/(-12)). Let j(b) = -b - 7. Let v be j(x). Suppose -5*z + 28 = k - 16, v*k + 13 = z. List the prime factors of z.
3
Let o(v) = v**3 - 5*v**2 + 6*v - 1. Suppose 3*j - 8 - 4 = 0. Let k be o(j). Suppose -k + 1 = -3*m. What are the prime factors of m?
2
Let d = -16 + 128. List the prime factors of d.
2, 7
Let j = 2 - -9. Let n(b) be the first derivative of b**3/3 - 11*b**2/2 + 9*b + 2. What are the prime factors of n(j)?
3
Let z = 62 + -39. What are the prime factors of z?
23
List the prime factors of -1 - 0 - (-46 - 12).
3, 19
Suppose -16*t = -13*t - 69. List the prime factors of t.
23
Suppose -2*g - c = -5, 3*g = -4*c + 7*c + 21. Suppose -3*r - 14 = -g*r. List the prime factors of r.
2, 7
Let j be (-401)/7 - 6/(-21). Let c = j + 104. What are the prime factors of c?
47
Let y be 6*(16/6 - 2). Let x = 11 - 11. Suppose x = k + 2*t + 2, -5*t - y + 1 = 3*k. List the prime factors of k.
2
Suppose -4*d + 41 = -2*g + 3*g, 2*d = -3*g + 83. List the prime factors of g.
5
Let o(c) = -c**2 + 10*c - 6. Let g be o(4). Let h = -8 + g. Let k = h - 6. What are the prime factors of k?
2
Let b(m) = 35*m + 6. What are the prime factors of b(5)?
181
Let j(n) = n**3 + 8*n**2 + 9*n + 6. Let r be j(-6). Let z = r - -12. Suppose 8 + z = 4*x. What are the prime factors of x?
11
Suppose 3*s - 68 = s. List the prime factors of s.
2, 17
Let q(a) = -a**3 + 3 + 10*a**2 - a**2 + 2*a**3 - 5. Let d be q(-9). Let l = 11 - d. What are the prime factors of l?
13
Let g(y) = -y**2 - 6*y - 9. Let u be g(-5). Let w(a) = 7*a**2 - a. Let m(z) = 20*z**2 - 2*z. Let d(j) = 5*m(j) - 14*w(j). What are the prime factors of d(u)?
2
Suppose 8*y - 110 = 3*y. What are the prime factors of y?
2, 11
Suppose 5*n + 26 = w, 0*n - 5*n - 23 = 2*w. List the prime factors of 2 + (-6)/(w - 2).
2
Let s = 1002 + -696. What are the prime factors of s?
2, 3, 17
Suppose 0 = -2*j - 90 + 136. What are the prime factors of j?
23
Let b = -42 - -68. List the prime factors of b.
2, 13
Suppose 5*j + 8 = s - 26, -s - 22 = 3*j. List the prime factors of (-19)/j - (-6)/21.
3
Let m = 12 - 10. Let r(b) = 4*b**3 + b**2 + 4*b - 1. List the prime factors of r(m).
43
Let k = 2 + 1. Suppose -5*r + 289 = k*t + 52, -4*r + 395 = 5*t. Suppose 2*n + 2*j = 7*j + 20, 5*n + 2*j = t. List the prime factors of n.
3, 5
Let b be (-2)/(-4*(-3)/(-438)). Suppose 0 = 5*c + b - 223. List the prime factors of c.
2, 3, 5
Let r = -47 + 66. Suppose 4 = l - 8*s + 5*s, 0 = 3*l - 2*s - 12. What are the prime factors of 9/(-12) + r/l?
2
Let d(f) = -7*f - 15. What are the prime factors of d(-8)?
41
Let a be 95/10 - 1/(-2). Let l = a - 7. Suppose -6*u = -l*u - 36. What are the prime factors of u?
2, 3
Suppose 0 = -